290)/(-282). Let o be -1*((-2)/2)/(-1). Let k be (o - 26/(-4))*28. Calculate the greatest common factor of x and k.
14
Let j(c) = 41*c + 798. Let n be j(-12). Calculate the greatest common divisor of n and 486.
18
Let u = 4316 + -4241. What is the greatest common divisor of u and 15?
15
Let h(s) = 34*s + 238. Let r be h(-1). What is the greatest common factor of 19890 and r?
102
Let x(t) = 2*t**2 - 10*t + 1. Let g be x(4). Let p = g - -40. Suppose 3*w = -13 + 22. Calculate the highest common factor of w and p.
3
Let x(z) = z + 6. Let m(w) = -w + 15. Let c be m(-3). Let u be x(c). Suppose b = 6 + u. What is the greatest common divisor of b and 120?
30
Suppose -152541*z = -152543*z + 56. What is the highest common factor of z and 1344?
28
Let q be 4 + 2 + (-2)/((-20)/117310). What is the greatest common divisor of q and 97?
97
Let b = -554 - -520. Let z be -4*(b + (-8 - -4)). Calculate the greatest common factor of 38 and z.
38
Let c be ((-30)/3)/(15 - (-39969)/(-2664)). Calculate the highest common divisor of c and 16.
16
Suppose 6 = -3*f + 6*f - 4*z, 3*f = 2*z + 6. Suppose 3*r = -12, -f*a - 2*r + 1 + 3 = 0. What is the greatest common factor of a and 162?
6
Suppose -3*d - y = -109, 2*y - 3*y - 136 = -4*d. Let t = d + -35. Let m be (-87)/(-1) + t + (-6)/(-2). What is the greatest common divisor of m and 18?
18
Let r be 2/11 + 42921998/5698. What is the greatest common factor of 243 and r?
243
Let s(q) = -493*q + 2501. Let g be s(5). What is the greatest common factor of g and 18288?
36
Let s = 30536 - 30104. Calculate the greatest common divisor of s and 2664.
72
Suppose 49*x = 44*x + u + 5498, -4*u = -x + 1073. What is the greatest common factor of 1 and x?
1
Suppose 5*r + 5 = 15. Suppose -131 = -4*m + 5*s + 16, -m + 40 = r*s. Calculate the highest common factor of m and 247.
19
Let i = -193 + 199. Calculate the greatest common divisor of 318 and i.
6
Let q(a) = a**2 - a + 78. Let d be q(-8). Suppose 2*l = 74 + d. What is the greatest common factor of l and 48?
16
Suppose 491 = 2*x + 4*l - 85, -1116 = -4*x + l. What is the highest common factor of 380 and x?
20
Let v(k) = -k**2 - 7*k - 9. Suppose 10*w - 13*w = 9. Let s be v(w). Suppose 2*i - s*i + 7 = 0. Calculate the highest common divisor of i and 63.
7
Suppose 3*r = -r + 20. Let l be 80630/770 + (-6)/(-21). Calculate the highest common factor of l and r.
5
Let g be 6*(49013/46 + -13). What is the highest common factor of g and 60?
15
Let z be (-45)/(-15)*35/5. Suppose 27*s = 33*s - 36. What is the highest common divisor of s and z?
3
Let r be 6/(-21) - (-2 + -2 + 187890/(-35)). Calculate the highest common divisor of 68 and r.
68
Let d = 360 + -346. Suppose 0 = 4*j - d*j + 130. Calculate the greatest common factor of 1 and j.
1
Suppose 7*y = 16*y - 36. Let u be (-48)/36*(-6)/y. Suppose -3*l + 37 = m, -18 = 5*l - u*m - 65. Calculate the greatest common divisor of l and 88.
11
Let w(z) = -78*z + 1982. Let r be w(15). What is the greatest common divisor of 14 and r?
14
Let d(w) = 3*w**2 - 24*w + 56. Let v be (17 - (-1 + 8)) + -2. Let k be d(v). Suppose -2 = p - 18. Calculate the greatest common divisor of p and k.
8
Suppose 0 = -8232*c + 8228*c + 720. What is the highest common divisor of c and 1080?
180
Suppose t - 4*g + 18 = 0, 71*t - 70*t - 46 = -4*g. Calculate the greatest common factor of 18046 and t.
14
Let u = 11515 - 11467. Suppose -5*r + 359 = -d, -228 + 13 = -3*r + d. Calculate the greatest common divisor of r and u.
24
Let r(x) = -3*x - 22. Let t be r(-18). Suppose -f + 0*f = -5*z + 35, -2*z + 4*f = -t. Calculate the greatest common factor of z and 114.
6
Let o(k) = 5*k**3 + 9*k**2 - 8*k + 45. Let b be o(11). Calculate the greatest common factor of b and 51.
51
Let s(v) = -3*v**2 + 107*v - 148. Let n be s(33). What is the highest common factor of n and 2378?
58
Let g(o) = -2*o**2 + 80*o + 84. Let q be g(41). Let s be q/2 - (-41 - -32). Let f be 18/(-12)*8/(-6). What is the highest common divisor of f and s?
2
Suppose -y = -43*x + 44*x - 6368, -3*x = -y + 6376. Calculate the greatest common factor of 35 and y.
35
Let f = -6132 - -6197. Calculate the greatest common divisor of f and 299.
13
Suppose 3*g = -2*l + 71, -2*g + 4*l + 63 = 21. Let a(s) = 14*s - 71. Let p be a(10). Calculate the highest common factor of g and p.
23
Let g be ((-36)/(-63))/(4/364). Let t = 495 + -261. Calculate the highest common factor of t and g.
26
Suppose -7*l - 134 = 13*l - 854. Calculate the greatest common factor of l and 36.
36
Let j = -6 - -6. Suppose -2*l + j*l - 2*d = -582, -855 = -3*l + 3*d. Suppose -135 = -49*k + 747. What is the greatest common factor of l and k?
18
Let x = 79 + -52. Let s = 332 + -154. Suppose 8*u - s - 470 = 0. What is the greatest common divisor of x and u?
27
Let h(b) = 140*b + 18*b**2 + 15 - 7*b**2 - 3*b**2 - 38*b**2 + 10*b**2. Let g be h(7). Let r = 474 - 219. Calculate the greatest common factor of r and g.
15
Suppose 18*p - 7051 = 2381. Let f = p + -500. Let m be 16/3 + 2/3. Calculate the greatest common divisor of m and f.
6
Suppose 44*h - 28206 = -7878. What is the highest common factor of 168 and h?
42
Let t = 9590 + -9494. What is the greatest common divisor of 5316 and t?
12
Let y = 3205 + -3109. What is the greatest common divisor of 4176 and y?
48
Let k(l) = -l - 19. Let z(m) = m**2 + 9*m - 3. Let c be z(-4). Let d be c + ((-8)/2)/(-3 + 1). Let o be k(d). What is the highest common factor of 3 and o?
1
Suppose -7*u - 34 = 10*u. Let r(y) = -2*y**3 - y**2 - 3*y - 5. Let s be r(u). Let q = 204 + -126. Calculate the highest common factor of s and q.
13
Let t be (-83562)/(-19) - (42/(-9) + 4/6). Calculate the greatest common divisor of 31 and t.
31
Let r(v) = -v**2 - 47*v - 175. Let s be r(-40). Let l be -10*(-10)/4 + -4. What is the greatest common factor of l and s?
21
Let u be ((-2508)/(-11))/3 - (7 + 2). Let l be (603/12)/((-2)/(-8)). What is the greatest common factor of u and l?
67
Let q(r) = 4*r**3 - r**2 - r + 1. Let y be q(1). Let k be 0/(-3) - y - -5. Suppose -6 - 2 = -k*t. What is the greatest common factor of 2 and t?
2
Let q be ((-6682)/(-39))/(6/(-9)). Let c = 264 + q. Let k be 7/((-1)/(-2)*2). Calculate the highest common factor of k and c.
7
Suppose 0 = -5*n + 30, -3*l - 3*n = -71 + 29. Let s = 214 + -118. What is the greatest common divisor of l and s?
8
Suppose -3*y = t - 4, -3*y - 4*t + 9 = 2*y. Let j(h) = 2*h**2 + 27*h - 3. Let m be j(-14). What is the highest common divisor of m and y?
1
Let m(g) = 109*g**3 + 14 + g - 4*g - 13 + 3*g**2 + 0*g. Let j be m(1). Suppose 5*n + 0 = j. What is the greatest common divisor of n and 2?
2
Let o = -57 - -165. Let x = -89 - -93. What is the highest common factor of o and x?
4
Let a = -6 - -2. Let y = a - -8. Suppose 5*w = -v - 3*v + 163, 4*w - 152 = y*v. What is the greatest common divisor of w and 14?
7
Let t be 30/(-4)*36*(-2 + 126/90). Calculate the highest common factor of t and 654.
6
Suppose -i = -12 - 38. Let r = i - 21. Let g = r - 19. What is the greatest common factor of 2 and g?
2
Let t = 723 + -725. Let q be (-407073)/(-348) + t/(-8). Calculate the highest common factor of 18 and q.
18
Let k be (-24)/32 + (42/(-8))/(-3). Suppose 0 = -4*d + t - 103, 2*d + 5*t + k = -34. Let i be (-384)/40*d/2. What is the greatest common divisor of i and 15?
15
Let l be 4017/(-26)*-1*14/3. What is the highest common divisor of l and 824?
103
Let r(m) be the first derivative of m**4/2 - 5*m**3/3 + 9*m**2/2 + 2*m - 15. Let c be r(4). Let j = c + -8. Calculate the greatest common divisor of 52 and j.
26
Suppose -3*a + 404 = 3*f - 5*f, 5*f = 3*a - 398. Suppose 0 = 132*g - a*g + 56. Let b be 10/(g/21*(-2)/(-4)). What is the highest common divisor of 6 and b?
6
Suppose 3*s = -73*i + 68*i + 11, i - s - 7 = 0. What is the highest common factor of i and 340?
4
Suppose 6*q - 1024 = 734. Let f = q + 27. Calculate the greatest common factor of f and 96.
32
Suppose -59*p + 58*p + 792 = 5*x, -4*x + 633 = p. What is the greatest common factor of x and 7950?
159
Suppose -5*p - 5*t = -20 - 145, -4*p + 5*t = -96. Let h(s) = 5*s**2 + 68*s - 1. Let z be h(5). Calculate the highest common divisor of p and z.
29
Suppose -1816 = -16*p + 2216. Calculate the greatest common divisor of p and 96.
12
Let n = 3279 + -3369. Suppose -5*p = 20, 4